- 294/(-8) is divided by n?
11
Suppose -8 = -2*u + 8. Let c(h) = 2*h - 8. Let l be c(6). Let q(r) = -r**2 + 5*r + 1. What is the remainder when u is divided by q(l)?
3
Calculate the remainder when 82 is divided by 32 + 1 + 4 + -9.
26
Let u be 51/4 + 6/(-8). Let x = -6 + u. Calculate the remainder when 9 is divided by x.
3
Let c be 2/4 - (-366)/4. What is the remainder when (0 - c)*7/(-14) is divided by 12?
10
Let d = 53 - 27. Calculate the remainder when 76 is divided by d.
24
Let k(f) be the first derivative of f**2/2 + 27*f + 5. Calculate the remainder when k(0) is divided by 10.
7
What is the remainder when 6 is divided by ((-3)/5)/((-26)/260)?
0
Let q = -6 - -9. Suppose -a - q + 13 = 0. What is the remainder when a is divided by 6?
4
Suppose -3*y + 26 = -1. Suppose -4*x - 20 = 2*g, 4*x + 20 = -g - 0*g. Let p = 10 + x. What is the remainder when y is divided by p?
4
Suppose 5*g + 15 = 0, 3*h - 6 = -g - 0. Calculate the remainder when 9 is divided by 1 + 0 - (-15)/h.
3
Suppose -5*l - 39 = -s - 0*s, 0 = -5*s - l + 117. What is the remainder when s is divided by 5?
4
Suppose -10 = 4*x - 30. Let i(d) = -d**3 + 21*d**2 + 23*d + 3. Let c be i(22). Suppose x*j - 155 = -c. Calculate the remainder when j is divided by 14.
12
Let m(v) = v - 7. Let z be m(6). Let h = 20 + -7. What is the remainder when (-38 - 0/2)*z is divided by h?
12
Suppose 7*m = 3*m + 104. Let i be 0/1 + -4 + 6. Let g = m - i. Calculate the remainder when 45 is divided by g.
21
Suppose -z = 2*z + 5*r - 9, -21 = -3*z - r. Suppose -k + 2 = 5*h - 14, -k = -3*h + z. Let j = 2 - -3. What is the remainder when j is divided by h?
2
Let p = -5 - -8. Suppose -3*d + 1 - 56 = -5*j, 11 = 2*j + d. What is the remainder when j is divided by p?
2
Let a(c) = -6*c + 12. Calculate the remainder when a(-7) is divided by 14.
12
Let y = -11 - -27. Calculate the remainder when y is divided by 198/21 + (-3)/7.
7
Let u(z) = z**3 + 5*z**2 - 2*z - 6. Let f be u(-4). Let h = f - 12. What is the remainder when 10 is divided by h?
4
Suppose 5*l - 19 = 1. Let q = -1 + 1. Suppose -2*p + 0*p + 6 = q. Calculate the remainder when l is divided by p.
1
Suppose -4*n + 15 = -57. Suppose -6*d = -7*d + n. What is the remainder when 33 is divided by d?
15
Suppose 5*y - 47 = 23. Calculate the remainder when 53 is divided by y.
11
Let k = -6 - -7. Suppose -4*h = -k - 3. Let r(l) = 24*l**2 - 2*l + 1. What is the remainder when r(h) is divided by 12?
11
Let z be 1/((-1)/6*-3). Suppose 2*i + l + 24 = 6*i, -3*i = -z*l - 18. Calculate the remainder when 21 is divided by i.
3
Suppose 0*b - 5*n + 121 = 3*b, -b = -n - 27. Let j be (-1)/(2 - 39/19). Let r = -8 + j. What is the remainder when b is divided by r?
10
Suppose 0 = h + 3*h - 8. Suppose -h*a + 76 - 10 = 0. What is the remainder when a is divided by 9?
6
Let r = -7 - 1. Let y(k) = k**3 + 8*k**2 - 5*k + 1. Calculate the remainder when y(r) is divided by 21.
20
Let i(r) = -15*r - 31. Calculate the remainder when 85 is divided by i(-4).
27
Suppose 5*o + 30 = s, -s = -2*s + 3*o + 22. What is the remainder when s is divided by 6?
4
Calculate the remainder when 95 is divided by 32/208 - 154/(-13).
11
Suppose 5*n = z - 30, n + 0*n - 5*z + 30 = 0. Calculate the remainder when 66 is divided by (2*23)/(7 + n).
20
Let k = 1 - 3. Let i be (3/k)/(3/(-48)). Let l = i - 12. What is the remainder when 23 is divided by l?
11
Let f(d) = -d**3 - 2*d**2 + d - 7. Suppose -3*z + 5*z + 10 = 0. What is the remainder when f(z) is divided by 16?
15
What is the remainder when 25 is divided by ((-105)/20 + 2)*-4?
12
Calculate the remainder when (-12 - -14)*114/4 is divided by 15.
12
Let j(c) = c**2 + 5*c - 9. What is the remainder when 18 is divided by j(-7)?
3
Let i(r) = -3*r + 6. Let m be i(2). Suppose 0 = -m*z - 7*z + 154. Calculate the remainder when 85 is divided by z.
19
Suppose -4*h + 42 = 2*d, 0 = 5*d + 2*h - 8 - 73. Suppose -4*z - j + 41 = -130, 0 = 2*z + 5*j - 63. Calculate the remainder when z is divided by d.
14
Let w(o) = 2*o - 9. What is the remainder when 17 is divided by w(8)?
3
Suppose 21 = 2*f - 9. Calculate the remainder when 117 is divided by f.
12
Suppose 4*z = 61 - 9. Suppose s + f + z = 4*s, -2*s + 22 = 2*f. Calculate the remainder when 16 is divided by s.
4
Suppose -20 = 5*w, 4*g + w - 2*w - 156 = 0. Suppose g = 2*x + 2*j, x - 4*j = j - 5. What is the remainder when x is divided by 9?
6
Let a(w) be the third derivative of -1/3*w**4 - 1/3*w**3 - 1/60*w**5 + 0*w - 2*w**2 + 0. Calculate the remainder when 9 is divided by a(-7).
4
Let z(o) = -o**2 + 1. Let t be z(-4). Let p(i) = 3*i + 12. What is the remainder when p(5) is divided by t/2*8/(-6)?
7
Let v be (-30)/35*14/(-1). Suppose -b + 72 = 4*u, -b - v = 2*b. What is the remainder when 55 is divided by u?
17
Let v(w) = -w**2 - 22*w - 22. Let k = 15 + 0. Calculate the remainder when v(-16) is divided by k.
14
Suppose -2*d + 5*i - 156 = d, 3*d - i + 144 = 0. Let u = d + 80. Suppose u = 3*f - 24. Calculate the remainder when f is divided by 7.
5
Suppose 4*a - 6 = 26. Let p(j) = j**2 - 8*j + 11. What is the remainder when p(a) is divided by 4?
3
Let j(y) = 10*y**3 + y**2 + y - 1. What is the remainder when 19 is divided by j(1)?
8
Suppose -2 = -j - 4, -4*j - 4 = f. Calculate the remainder when (16/(-24))/(f/(-30)) is divided by 3.
2
Let y(p) = 50*p**2 - 4*p + 4. What is the remainder when y(1) is divided by 14?
8
Let z = 8 + -6. Let n be (57/6 + -3)*2. Suppose -5*h = -z - n. What is the remainder when 9 is divided by h?
0
Suppose 0 = 4*c - 0*a - 2*a - 60, 5*c + 3*a = 53. What is the remainder when 36 is divided by c?
10
Let i be (-2 + (0 - -3))*6. Suppose i*c - 2*c = 76. What is the remainder when c is divided by 7?
5
Suppose k = 5*k - 92. What is the remainder when k is divided by 7?
2
Suppose 3*q - q = 16. Let y(u) = -3 + 3 + q*u. What is the remainder when y(3) is divided by 13?
11
Suppose -4*i + 19 + 29 = 0. Let n(r) = -r**3 + 9*r**2 - 8*r - 7. What is the remainder when n(7) is divided by i?
11
Let d = -103 - -126. Calculate the remainder when d is divided by 2.
1
Suppose 5*c = -85 + 30. Let r be 1 + (c + 2)/(-3). Suppose -n - 31 = -3*g + r*n, -3*g - n + 37 = 0. What is the remainder when 35 is divided by g?
11
What is the remainder when 32 is divided by (-74)/(-8) + (-1)/4?
5
Suppose -5*y + 5*b = -25, 0 = 5*y - 3*b + b - 22. Suppose -y*t + 5 = -147. Suppose 32 + 20 = 4*g. Calculate the remainder when t is divided by g.
12
Suppose 84 = 3*o - 7*o. Let b = 24 - -12. Let s = o + b. What is the remainder when 28 is divided by s?
13
Let v = 14 - 8. Let k be (-356)/v*3/(-2). Suppose 5*w - k = -34. What is the remainder when 19 is divided by w?
8
Let f = 4 + 0. Suppose -k = p - 6, -k + 4*p - 19 = -f*k. Suppose 16 = 4*v, -4 = -3*m + k*v + 3. What is the remainder when m is divided by 5?
4
Let o(z) = 3*z**3 - 5*z**2 + 3*z + 3. What is the remainder when o(2) is divided by 9?
4
Suppose 110 + 262 = 4*c. Calculate the remainder when c is divided by 24.
21
Suppose 5*w - 3*w = 144. What is the remainder when w is divided by 26?
20
Suppose 39 - 109 = -5*d. What is the remainder when 55 is divided by d?
13
Let r be (-10)/3*(-30)/25. Suppose 3*u - 17 = u + j, -2*u + 4*j + 2 = 0. What is the remainder when (-3)/r + (-254)/(-8) is divided by u?
9
Suppose 0 = w + 2*w - 24. Let h be (-2 - (-21)/9)*174. Suppose -3*i = -i - h. Calculate the remainder when i is divided by w.
5
Suppose -4 = 2*z - 0, -2*r + 20 = -5*z. What is the remainder when 16 is divided by r?
1
Let d be (-64)/(-10) - (-18)/(-45). Calculate the remainder when 9 is divided by 4*(45/d)/5.
3
Let r = 49 - 31. What is the remainder when r is divided by 10?
8
Suppose 0 = -2*t - 2*t + 12. Let j(u) = -2*u**2 + u + 1. Let i be j(t). What is the remainder when (i/4)/((-1)/4) is divided by 5?
4
Suppose 15 = 5*m - 0. Suppose 25 = m*x - 11. Calculate the remainder when x is divided by 2.
0
What is the remainder when ((-136)/(-32))/((3/(-8))/(-3)) is divided by 7?
6
Suppose 626 - 303 = 17*s. Let p(x) = -x**3 - 2*x**2 - 7*x - 4. Suppose -4 = -5*d - 24. Calculate the remainder when p(d) is divided by s.
18
Suppose -6*m + m = -40. Calculate the remainder when (-6)/(-15) + 206/10 is divided by m.
5
Let u = -18 + 47. Suppose -b = 4*b - 115. Let t = -13 + b. Calculate the remainder when u is divide